Let c(l) be the first derivative of l**2/2 - 8*l - 14. Calculate c(x).
-2
Let i(w) = w**3 + 4*w**2 + 2*w - 4. Let m be i(-3). Let g(y) be the third derivative of -y**6/40 + y**4/24 - 100*y**2. Determine g(m).
2
Let l(n) = n**2 - 2*n - 4. Let u = -11 - -15. Calculate l(u).
4
Let k = 43 - 39. Let s(v) = 2*v - 3*v - 2 + 8. Calculate s(k).
2
Let j(s) = s**2 + 0 - 2 + 5*s - 1. Let t be 72/42*(3/(-6) - 3). What is j(t)?
3
Let z(q) = -29*q**2 - 1 + 48*q**2 - 22*q**2 - 3*q. Give z(-2).
-7
Let r(o) be the first derivative of o**4/4 - 5*o**3/3 - 4*o**2 + 4*o - 10. Calculate r(6).
-8
Let q be 1/(2/(-2)*2/10). Let f(v) = -v**2 - 5*v - 3. Give f(q).
-3
Let c be 1/4 + (-38)/(-8). Let h(l) = -4*l + c*l - 1 + 0. What is h(-3)?
-4
Suppose 1 = -2*j - 2*x + 9, 0 = 4*j - 4*x + 8. Suppose 0 = -3*l - 2*c + 5, -3*l + 5*l + j = 3*c. Let o(p) = -6*p**2 - 2*p + 1. What is o(l)?
-7
Let o(a) = -2*a - 4 - a**3 + 2*a**3 + 5*a**2 - 3. Let r(n) = 5*n - 4. Let s(b) = -b**2 - b - 1. Let l(j) = r(j) + s(j). Let m be l(4). What is o(m)?
3
Let t(c) be the third derivative of -c**2 - 1/12*c**4 + 0*c - 1/60*c**5 + 0 + 0*c**3. Calculate t(-2).
0
Let q(r) = -r + 19. Let o be -2 - 5/(-10)*4. What is q(o)?
19
Let p(k) = 2*k**3 + 15*k + 11. Let j(z) = z**3 + 7*z + 5. Let x(w) = -13*j(w) + 6*p(w). Give x(1).
-1
Let m be ((-3)/3)/(2/(-4)). Let n(q) be the first derivative of -q**3/3 - 2. What is n(m)?
-4
Let u(v) = -v**2 + 10*v + 1. Let y(p) = -p**2 + 11*p + 2. Let n(t) = -5*u(t) + 4*y(t). Determine n(6).
3
Let b(j) = -j**2 - 4*j + 5. Let y = 4 + -10. Give b(y).
-7
Suppose 5*w = 3*w. Suppose w = 2*u - 0*u - 2. Let f(l) = -2 + 7*l**3 + l - 2*l + u - l**3. What is f(-1)?
-6
Suppose 2*r - 2*a = -0*r - 2, 4*a - 18 = -3*r. Let x = 2 + r. Let u(j) = -j**2 + 3*j. Calculate u(x).
-4
Let f(n) = -2*n + 10. Let c be f(7). Let v = c - -6. Let p(u) be the first derivative of -2*u**3/3 + 2*u + 2. Give p(v).
-6
Let l(n) = -388*n + n**2 + 776*n - 399*n + 3. Calculate l(7).
-25
Let c(o) = o**3 + 20*o**2 - 22*o - 19. Let x be c(-21). Let w(u) = -6*u. Determine w(x).
-12
Let s(b) be the second derivative of 0 + 2*b + 1/6*b**3 - 2*b**2 + 1/12*b**4. What is s(0)?
-4
Let q(m) = -m**3 + 2*m**2 + m + 4. Let k(f) = -f**3 - 15*f**2 - f - 12. Let n be k(-15). Calculate q(n).
-2
Let s = -1 + 3. Let u(r) = 2*r**3 - 4*r**2 + r + 2. Let x be u(s). Let g(o) = 3*o + 1 - 2*o + 3. Calculate g(x).
8
Let w be (-4)/10 + (-16)/10. Let m(d) = -d + 3. Let f(v) = -v - 3. Let u(j) = -2*f(j) - m(j). Calculate u(w).
-3
Let s(x) = x**2 + x - 4. Let b(c) = -2*c**2 + 4*c - 3. Let m be b(2). Determine s(m).
2
Let j(u) = -6 - 9 + u - 6*u**3 + 7*u**3 + 17. Give j(0).
2
Let y(b) = b - 4. Let x(o) = -7*o - 2 + 6*o + 1. Let k(l) = x(l) - y(l). Suppose -z = 2*z - 12. Determine k(z).
-5
Let i(s) = -3*s**2 + 2*s + 2. Let h(q) = 4*q**2 - q - 3. Let r(a) = -2*h(a) - 3*i(a). Give r(3).
-3
Let a be 4 + (0 - 0/(-1)). Let f(w) = w**2 - 4*w - 5. Determine f(a).
-5
Let t(o) be the second derivative of o**5/60 + o**4/24 + 3*o**3/2 - o**2 - 3*o. Let s(f) be the first derivative of t(f). What is s(0)?
9
Let k be (4/(-3))/((-2)/27). Let r be ((-2)/(-6))/(2/k). Suppose 18 = 4*t + i, -2*t - r*i - i + 16 = 0. Let q(v) = -v**3 + 5*v**2 - 2*v - 3. What is q(t)?
5
Suppose -13 = -4*p - 5. Let j(n) = 5*n**p + n**3 - 4*n**2 - 3*n**2 + 6 + 3*n - 4*n**2. Determine j(5).
-4
Let r(m) = -m**2 + 2*m + 3. Let t(s) = s**2 + 8*s - 7. Let u be t(-9). Let v(k) = k**2 + k - 1. Let a be v(u). Calculate r(a).
-12
Let x(k) = 2*k + 12. Let h be x(-5). Let i(u) = -2 - 5*u**2 + 4*u**h - 1 + 7*u. Let t = 4 - -1. Give i(t).
7
Let o(y) = -y**3 + 5*y**2 + y - 4. Let b be o(5). Let x(q) = q**2 - q - 1. Let g(c) = -c**2 - 3*c - 1. Let s(v) = -g(v) + 2*x(v). What is s(b)?
3
Let h(w) = 12*w + 4 + 7*w - 18*w - 3. Give h(-2).
-1
Let l(n) = -4 + 0*n**2 + 5*n**2 + 2 + 2*n. What is l(-2)?
14
Let p(y) = y + 1. Let s(n) = 5*n + 3. Let r(m) = -4*p(m) + s(m). Let t(g) = 8*g - 4. Let x(o) = 4*r(o) - t(o). Suppose -5*l + 0 = 10. Determine x(l).
8
Let x(f) = f**2 + f. Suppose -4*u = 5*z - 25 - 0, u = z + 4. Let r(j) = 3*j**3 + 4*j**2 + 4*j. Let y(o) = u*x(o) - r(o). Determine y(-1).
3
Let f = -1 + 1. Let i = f + -4. Let y(u) = 4*u + 3*u + 5 + 1 - 4*u. Give y(i).
-6
Let u(i) = 35*i + 6 - i**3 - 4*i**2 + 37*i - 69*i. Give u(-4).
-6
Let x(v) = v. Let s(o) = 4*o - 1. Let l(m) = -s(m) + 6*x(m). Let q(j) = -2 - 3*j - 2 + 3. Let g(r) = -4*l(r) - 3*q(r). Give g(5).
4
Let f(q) = -4 - 2*q + 1 + 2 + 3*q. Give f(1).
0
Let u(i) = -i**3 + 3*i**2 - 3. Suppose -4*j + 42 = 10. Suppose -4*t - 13 = -5*p, 3*p = 2*t + 1 + j. What is u(t)?
-3
Let b(z) = z + 7. Suppose 10*f - 6 = 12*f. Let v be f - (4/(-1) + 1). Suppose v*j = -2*j - 8. Calculate b(j).
3
Let b(h) = -h**3 + h**2 + h - 4. Let m be 12*1 - (-3 - 0). Suppose 2*l + 5*v = 3*l - m, v + 3 = -l. What is b(l)?
-4
Let p(a) = -a - 3. Let j be p(-8). Let d(v) be the first derivative of -v**2/2 + 2*v + 1. Calculate d(j).
-3
Suppose -3*g + 0*g + 5*b + 16 = 0, 4*g = -2*b + 4. Suppose 0*r = g*r - 16. Let k(j) = r*j - 2*j + j**2 + 4 + 0. Give k(-3).
-5
Let d(y) = -y**2 - 4*y - 2. Let m = 17 - 10. Let c be (m - 2) + -2 - 6. Give d(c).
1
Let d(q) be the second derivative of 1/6*q**3 + 3*q + 0 + 0*q**2. Suppose 2*a = -a + 6. Determine d(a).
2
Suppose 38 = 4*i - 74. Let o be ((-4)/2)/((-8)/32). Let p be 52/14 + o/i. Let u(w) = w**3 - 4*w**2 - w + 5. Give u(p).
1
Let z(t) be the second derivative of t**3/6 - t**2 + 28*t. Give z(2).
0
Let v(u) = -u**2 - 2*u - 1. Let w be v(-1). Let g be ((w + 0)*1)/(-2). Let x(d) = d - 3. Give x(g).
-3
Let q(t) = -t**3 - 8*t**2 - 7*t + 5. Let d be (-1)/(3/21 + 0). Determine q(d).
5
Let x be 15/(-3) + (-4)/(-2). Let q(w) = w**2 + 4*w + 3. Give q(x).
0
Suppose 0 = 3*k - 2*j - 2*j + 2, 4 = -3*k + 2*j. Let n = 6 + k. Let z = -7 + n. Let q(g) = -2*g - 3. What is q(z)?
3
Let q(o) = 7*o + 4*o**2 - 2*o**2 - o**2 + 5. Let y be q(-7). Suppose -y*k - 2*m = -35, -3*k = -0*k - 2*m - 5. Let f(l) = l**2 - 7*l + 4. Calculate f(k).
-6
Let i(z) be the second derivative of z**3/6 + 9*z**2/2 + 8*z. Suppose -3*o - 9 - 9 = 0. Let j = -10 - o. Give i(j).
5
Let z(j) = j**3 - 3*j**2 - 5*j + 1. Let l be 2 - (-2)/4*2. Suppose -l*h = -7 - 5. Give z(h).
-3
Let q(m) be the third derivative of -m**4/24 + m**3/6 + 7*m**2. What is q(-8)?
9
Let j(d) = -1 - d**3 - 2 + 8*d - 10*d + 5 + 4*d**2. Give j(3).
5
Let y(d) be the second derivative of -d**4/12 - 9*d**2/2 + d. Suppose -3*a = 2*a - 40. Let q = a + -8. Calculate y(q).
-9
Let d(r) be the first derivative of 3*r**2 + r + 1. Let y be (1 - 2)*(2 - 1). Determine d(y).
-5
Let a be 6/(1 + 2)*-2. Let v = a - 0. Let h = 0 - v. Let n(b) = b**2 - 5*b - 2. What is n(h)?
-6
Let n(z) = -z**3 - 5*z**2 - 5*z - 5. Let t = -78 + 74. Give n(t).
-1
Let i(f) = f**3 + 6*f**2 + 7*f + 5. Suppose -14 - 2 = 4*o, 3*a + 23 = -2*o. Give i(a).
-5
Let z(k) be the first derivative of -k**4/4 + 9*k - 28. Calculate z(0).
9
Let i be ((-1)/(2/(-8)))/2. Let f(d) be the third derivative of 0 + 1/60*d**6 + 0*d - 1/20*d**5 - 1/3*d**3 + 1/24*d**4 - d**2. Give f(i).
4
Let r(y) = -3*y**2 - y - 2. Let b(z) = -2*z**2 - 2*z - 1. Let c(p) = p**2 - 2*p. Let w be c(3). Let s(f) = w*r(f) - 4*b(f). Calculate s(3).
4
Let k(j) = -j**2. Let b(p) = p**2 + 7*p - 1. Let r(n) = b(n) + 2*k(n). Suppose -m + 4*f = 2, -5*m + 0*f = 2*f - 34. Determine r(m).
5
Let f(d) = -d**3 + 7*d**2 + d - 8. Let g be f(7). Let s(q) = 8*q. Give s(g).
-8
Suppose 4 = 3*b - 2*b. Let r(j) = -j - 5. Let f be r(-7). Let k(u) = -7*u**2 + 1 + f*u**2 - 2*u**3 + 3*u**3 + 3*u. Give k(b).
-3
Let a(n) = -3 - 3 - n - 4 + 1. Give a(-7).
-2
Let m(t) = -t**2 - 3*t - 1. Let v(k) = -k**3 + k**2 + 2*k - 3. Let w be v(2). Let x = w + 3. Suppose -n = -5*z + 9*z + 10, x = 3*n - 3*z. What is m(n)?
1
Let w(q) = -28*q - 1. Let f be w(-1). Suppose -u + 5*u - 43 = 5*r, 0 = -5*r - 4*u - f. Let g = 5 + r. Let j(a) = -a**2 + a + 2. Determine j(g).
-4
Let a(v) = v**2 - 2*v - 2. Let s(r) = r**3 + 6*r**2 - 5*r + 8. Suppose -4*y - 20 = 0, 3*n + 15 = y - 1. Let u be s(n). Let k = u - -4. Calculate a(k).
6
Let s(x) be the third derivative of -x**5/60 + x**4/12 + x**3/2 + x**2. Let j be s(3). Let q(p) = p**3 + 0*p**3 - p + 5 + j*p**2 - p**2. Calculate q(0).
5
Let y(f) = 5*f**3 + 3*f**2 - 2*f + 2. Let w(q) = -4*q**3 - 2*q**2 + 2*q - 1. Let n